 - y**3/3 - 10*y**2. What is p(x)?
10
Let r(n) be the third derivative of n**5/60 + 5*n**4/6 + 5*n**3 + 23*n**2 + 10. Calculate r(-18).
-6
Suppose 4*v - 4 = 12. Suppose 0 = -j + v*j - 12. Let q(u) = u - 2. Give q(j).
2
Let z(v) = v**3 - 5*v**2 - 2*v - 3. Let m(t) = t**2 + 17*t + 18. Let u be m(-8). Let s = u - -59. Determine z(s).
-13
Let p(w) = -4*w + 1. Let o(q) = -q**3 + 9*q**2 + 2. Let r be o(9). Calculate p(r).
-7
Suppose -7*y = -3*y. Let h be 1/(7/(-4) + 2). Let r(l) = y*l**3 - 2*l**3 + 2*l**3 - 4*l**2 - h*l - 3 - l**3. Calculate r(-2).
-3
Let z(w) be the third derivative of -8*w**2 + 0 + 0*w + 1/6*w**3 + 1/360*w**6 + 1/30*w**5 + 0*w**4. Let y(u) be the first derivative of z(u). Determine y(-6).
12
Suppose 13 = -f + 3. Let z(r) = r**3 + 9*r**2 - 8*r + 21. Determine z(f).
1
Let s(c) = -31*c**2 - 16*c + 21. Let r(f) = -15*f**2 - 9*f + 12. Let l(i) = 7*r(i) - 4*s(i). Calculate l(-1).
18
Let f(v) be the second derivative of -v**4/8 - 3*v**3/2 + 7*v**2 - 7*v. Let g(t) be the first derivative of f(t). Determine g(-7).
12
Let f(z) = -z + 2. Let b(k) = -5*k + 7. Let u(c) = b(c) - f(c). What is u(2)?
-3
Let w(n) = -17*n + 6. Let a(t) = -13*t + 6. Let z(j) = -3*a(j) + 2*w(j). Give z(7).
29
Let h(i) = -2*i**3 - 20*i**2 + 10*i + 6. Let w(t) = t**3 + 11*t**2 - 6*t - 3. Let u(x) = -3*h(x) - 5*w(x). Give u(-5).
-3
Let x(f) be the second derivative of -2*f**5/5 + f**4/6 + f**3/6 - f**2 + 14*f. Let t be x(1). Let j(k) = -k**2 - 7*k - 2. Determine j(t).
-2
Let c be (-26)/39 + 3/((-9)/13). Let n be 4 + c/(-15) + (-20)/6. Let a(q) = -5 + 4 + 7*q**2 + 2*q**2. Give a(n).
8
Suppose -r = 3*y - 15, -r + 22 = r + 4*y. Let o(z) = 197*z**2 - 2 - 125*z**2 - 70*z**2 - 3*z. Give o(r).
7
Let a(d) be the first derivative of d**4/4 + 3*d**3 + 7*d**2/2 + 3*d + 282. Determine a(-8).
11
Let f(d) = -d - 1. Suppose 0 = a - 2151 + 2158. Determine f(a).
6
Let l(p) be the second derivative of 7*p**3/6 - 2*p**2 + 259*p. Calculate l(3).
17
Let y(t) = -2*t - 1. Suppose -6*i + 115 = -11*i. Let a = 23 + i. Suppose a = 2*h + 8 - 2. Calculate y(h).
5
Let v be (-3)/6 + 44/8. Let q(w) = 2*w**2 - w - 1. Let d be q(-1). Let o(y) = d - 5 - 1 - y**2 - v*y. Give o(-4).
0
Let x(d) = -d**2 + d + 4. Suppose -24*j = -21*j - 9. Suppose -j*g = g - 2*g. Calculate x(g).
4
Let j(c) = -3*c - 4. Let q = -447 - -445. Determine j(q).
2
Suppose -19*b + 27*b = -48. Let g(f) = -5*f - 4. Calculate g(b).
26
Let o(h) = -3*h**2. Let x = -1130 + 1128. Determine o(x).
-12
Let x = 139 - 133. Suppose 3*i + 21 = x. Let l(q) = -5 + 0*q**2 - q**2 + 0*q**2 - 5*q. Determine l(i).
-5
Let c(k) = -2*k**3 - 2*k**2 - k. Suppose -5*y = 15 - 0. Let v(h) = 2 - 2*h + 4*h**3 - 8*h**3 - 3 - h**3 - 7*h**2. Let l(p) = y*v(p) + 8*c(p). Calculate l(5).
-7
Suppose 5*x + 10 = 3*p, -2*p = 2*p. Let f = x - 3. Let s(o) be the first derivative of -o**2/2 - 5*o + 3. Give s(f).
0
Suppose -5*l - 3*q + 3 = 0, 8 = -q + 4. Let b(c) = 3*c + 9. Let s(d) = -1 - 7 - 6 - 5*d. Let a(u) = -8*b(u) - 5*s(u). Give a(l).
1
Let z(m) be the second derivative of -22*m + 0 + 1/6*m**3 - 11/2*m**2. What is z(0)?
-11
Suppose 7 - 3 = -4*r, 2*z + 5*r = 5. Let m(t) be the third derivative of -t**4/24 + t**3/6 - 3*t**2. Let c be m(z). Let n(a) = -2*a - 6. Determine n(c).
2
Let g(m) be the second derivative of -m**5/20 - m**4/3 - 5*m**3/6 - 3*m**2 - 4*m + 5. Let n be 3*(-4)/(-24)*-8. Give g(n).
14
Suppose 4*x + 22 - 2 = 0. Let k(l) be the third derivative of -5/24*l**4 - 36*l**2 - l**3 + 0 + 2*l - 1/60*l**5. What is k(x)?
-6
Let u(q) be the first derivative of -2*q**3/3 - 3*q**2 + q + 114. Give u(-5).
-19
Let g(m) = -8*m**2 - 25*m**2 + 42*m**2 - 1. Calculate g(1).
8
Let c(f) be the third derivative of 19*f**2 + 1/60*f**5 + 0 + f**3 + 1/3*f**4 + 0*f. Give c(-5).
-9
Suppose d + 4*b = -0*b - 12, -4*d + 3*b + 47 = 0. Let g = -3 + d. Let q(t) be the second derivative of -t**3/6 + 5*t**2/2 - t - 6. Give q(g).
0
Let b(c) be the first derivative of -c**3/3 + 3*c**2/2 + 47. Determine b(4).
-4
Suppose 3*l = 6*l - 24. Suppose 6 = l*f + 62. Let b(m) = m**3 + 8*m**2 + 8*m + 5. Give b(f).
-2
Let o(b) be the third derivative of -b**5/20 + b**4/12 - b**3/6 - 147*b**2. Calculate o(-2).
-17
Let o(d) be the first derivative of -d**3/3 + d**2/2 - d + 13. Let k = -10 + 8. Let n be o(k). Let r(a) = a**2 + 6*a - 1. What is r(n)?
6
Let s be 6/(-15) + (-2)/(-5). Let b(h) = -7*h**2 - h**3 + h**2 + 8 + 12*h - 5*h + s*h**2. Suppose 8*q - 3 = -59. Calculate b(q).
8
Let z(h) = h**2 + 8*h - 176. Let y be z(-18). Let n(g) = -2*g + 5 + 3 + 0 - 4. Calculate n(y).
-4
Let v be (-8)/3 - (168/18 - 10). Let o(z) = 3 + 3 + 5*z - 5. Determine o(v).
-9
Let l(p) = 2*p**2 + 8*p + 1. Let t be l(-5). Suppose 3*c - 2*m - 4 = 6, 2*c + 3*m = t. Let x(n) = -n**3 + 4*n**2 + 3*n - 5. Determine x(c).
7
Let f(b) = -b**2 - 6*b + 4. Let o be f(-6). Let t(q) = 0*q + o + 2*q - 3 + 11*q**2 + 0*q. Give t(-1).
10
Let d = -103 - -103. Suppose q - n = -2 + 4, 4*q + 5*n + 19 = d. Let y(u) = 2*u**2 + u + 1. Give y(q).
2
Let v(d) = -d - 4. Let s(i) = -5*i - 4. Let n be s(4). Let h = -20 - n. Determine v(h).
-8
Let b = -726 + 733. Let v(r) = -3*r**2 + 18*r - 8. Let u(c) = -5 - 4*c**2 + 12*c + 2*c**2 + 0. Let o(g) = 8*u(g) - 5*v(g). What is o(b)?
-7
Let g be (-12)/(-18)*3*3/(-6). Let u(s) = -7*s - 3. Determine u(g).
4
Suppose 5*h - 25 = -d - 16, -d = -h - 3. Let o(i) = -8*i + 2. Calculate o(h).
-6
Let h(w) be the second derivative of 3*w - 1/20*w**5 + 2/3*w**3 - 13 - 1/12*w**4 + 0*w**2. Let i be 2*-1 - (0 + 1). Determine h(i).
6
Suppose 0 = x - 2*x + 2*o + 7, -o = -x + 3. Let b(j) = -j + 1. Let m(r) = 1. Let n(p) = -4*b(p) + 3*m(p). Give n(x).
-5
Let t(c) = -20*c + 46*c - 24*c + 35*c**2 - 36*c**2 + 2. What is t(4)?
-6
Let k(i) = -9*i + 27. Let r(x) = -39*x + 108. Let m(d) = 9*k(d) - 2*r(d). Calculate m(8).
3
Suppose -51 + 36 = 5*t. Let r(j) = 2*j**2 + 3*j + 2. What is r(t)?
11
Let l = 29 + -22. Let v(y) = -y + 1. Let m(u) = -2*u + 2. Let z(n) = l*v(n) - 4*m(n). Let j be (-56)/(-10) - 4/(-10). Calculate z(j).
5
Let v(c) = -c**3 - 6*c**2 + 6*c - 10. Let p = 144 + -204. Let q = p - -53. Calculate v(q).
-3
Let t be 0/(-13 + (2 - -5)). Let u(n) be the third derivative of -6*n**2 - 1/2*n**3 + 1/12*n**4 + 1/15*n**5 + t + 0*n - 1/120*n**6. Calculate u(4).
5
Let j(g) = g**3 - g**2 + 2*g - 5. Let r(s) = -s**3 + 5*s**2 - 2*s + 14. Let u(a) = -2*j(a) - r(a). Let w = 29 - 13. Suppose -4*m + 4 - w = 0. Give u(m).
2
Suppose 0 = 3*p + 4*x + 2, -5*p - 2*x - 8 = -0*p. Let z(l) = -3*l - 3. Let y be z(p). Suppose y*c + 16 = 5*d, 2*d - 18 = -d - c. Let m(b) = 2*b - 3. Give m(d).
7
Let b = 39 - -12. Let l = b + -53. Let c(k) = -8*k - 3. What is c(l)?
13
Let b(m) be the first derivative of -m**2/2 - 19*m - 111. Give b(-16).
-3
Suppose -4*d = -3*i + 64, 5*i - 13 = -5*d + 152. Let z(a) = i + 5*a**2 - 15 - 4*a**2 - 7. What is z(0)?
6
Let s(t) be the second derivative of -t**3/6 - 9*t**2/2 - t. Let h(w) = 2*w**2 + 10*w + 9. Let v be h(-4). Suppose 0 = b - v + 1. Calculate s(b).
-9
Let x(a) = -a**3 - 10*a**2 - 4*a - 4. Let b be x(-9). Let n = b - -46. Let p(h) = 0*h**2 + 2*h**2 + 4 + 4*h - 1. Determine p(n).
9
Suppose 10*b - 23 = -213. Let q(x) = -x**2 - 20*x - 16. What is q(b)?
3
Let f(x) = 3*x**3 + 21*x**2 - x - 27. Let i(n) = -n**3 - 11*n**2 + 14. Let t(a) = 2*f(a) + 5*i(a). What is t(13)?
-10
Let t(p) = -p**3 - 2*p**2 + 5*p + 2. Let a = -90 + 49. Let c = a + 37. Give t(c).
14
Let d(i) = 3*i**3 - 11*i**2. Let b(h) = -7*h**3 + 23*h**2 - h. Let u(c) = -4*b(c) - 9*d(c). Let v = -5301 - -5295. Calculate u(v).
12
Let u(z) be the first derivative of -z**3/3 - z**2 + 3*z - 1. Let s be 988/(-9) + ((-16)/(-18))/(-4). Let p be (s/(-33))/(4/(-6)). Give u(p).
-12
Let c(k) = 4*k**2 - 3*k**2 + 4 - 90*k + 81*k. What is c(6)?
-14
Let h = 17 + -15. Suppose p - 5 = -h*d, 2*p + 0*d - 2*d + 8 = 0. Let x(v) = -6*v - 8. Let f(j) = j. Let o(n) = p*x(n) - 5*f(n). What is o(0)?
8
Let i(a) = -4*a**2 - 4*a - 9. Let r(s) = -3*s**2 - 3*s - 8. Let d(u) = -2*i(u) + 3*r(u). Let b be 0/((-8 + -1)/(-3)). Suppose b = -18*q + 22*q. What is d(q)?
-6
Let j = -3 + 6. Let p(x) = -x**2 + 6 + 4*x - j - 3*x - 3*x. Suppose 10 = 3*g - 2*a + 4, -3*a = 0. What is p(g)?
-5
Suppose l = 5*h - 3 - 17, 4*l = 3*h - 29. Let b(q) = 5*q - 4*q - q**h + 3 - 7. Let i(f) = -30*f - 240. Let x be i(-8). Give b(x).
-4